 the thousands digit of 5702?
5
What is the thousands digit of 22444?
2
What is the tens digit of 963?
6
What is the thousands digit of 2271?
2
What is the hundreds digit of 1620?
6
What is the hundreds digit of 15476?
4
What is the thousands digit of 2541?
2
What is the units digit of 521?
1
What is the hundreds digit of 78317?
3
What is the tens digit of 52149?
4
What is the hundreds digit of 14259?
2
What is the hundreds digit of 1670?
6
What is the hundreds digit of 4569?
5
What is the hundreds digit of 28893?
8
What is the thousands digit of 2657?
2
What is the thousands digit of 20982?
0
What is the thousands digit of 72631?
2
What is the thousands digit of 10795?
0
What is the thousands digit of 2300?
2
What is the units digit of 22083?
3
What is the units digit of 31388?
8
What is the hundreds digit of 66395?
3
What is the thousands digit of 1770?
1
What is the hundreds digit of 7376?
3
What is the hundreds digit of 2422?
4
What is the tens digit of 278?
7
What is the units digit of 186825?
5
What is the thousands digit of 56676?
6
What is the hundreds digit of 1175?
1
What is the thousands digit of 33754?
3
What is the units digit of 4256?
6
What is the tens digit of 714?
1
What is the units digit of 292?
2
What is the tens digit of 774?
7
What is the units digit of 6013?
3
What is the units digit of 61721?
1
What is the units digit of 3492?
2
What is the hundreds digit of 3061?
0
What is the units digit of 618?
8
What is the units digit of 638?
8
What is the ten thousands digit of 17973?
1
What is the tens digit of 2425?
2
What is the tens digit of 423?
2
What is the units digit of 24769?
9
What is the hundreds digit of 3738?
7
What is the units digit of 511?
1
What is the units digit of 14398?
8
What is the units digit of 4?
4
What is the tens digit of 4609?
0
What is the hundreds digit of 925?
9
What is the hundreds digit of 42007?
0
What is the thousands digit of 6077?
6
What is the ten thousands digit of 32302?
3
What is the tens digit of 4496?
9
What is the tens digit of 38278?
7
What is the tens digit of 50363?
6
What is the hundreds digit of 133?
1
What is the tens digit of 3360?
6
What is the hundreds digit of 6092?
0
What is the hundreds digit of 5738?
7
What is the hundreds digit of 2294?
2
What is the hundreds digit of 101089?
0
What is the units digit of 21371?
1
What is the units digit of 11972?
2
What is the tens digit of 1091?
9
What is the ten thousands digit of 172070?
7
What is the tens digit of 47156?
5
What is the thousands digit of 2076?
2
What is the units digit of 53193?
3
What is the tens digit of 813?
1
What is the hundreds digit of 208?
2
What is the units digit of 1003?
3
What is the units digit of 1370?
0
What is the units digit of 1414?
4
What is the units digit of 19204?
4
What is the hundreds digit of 3167?
1
What is the tens digit of 467?
6
What is the thousands digit of 8483?
8
What is the tens digit of 3824?
2
What is the hundreds digit of 55174?
1
What is the tens digit of 850?
5
What is the units digit of 75?
5
What is the thousands digit of 26378?
6
What is the tens digit of 2697?
9
What is the tens digit of 15625?
2
What is the tens digit of 1068?
6
What is the thousands digit of 3032?
3
What is the tens digit of 988?
8
What is the thousands digit of 31366?
1
What is the tens digit of 2052?
5
What is the units digit of 5911?
1
What is the tens digit of 2989?
8
What is the thousands digit of 1715?
1
What is the thousands digit of 55868?
5
What is the tens digit of 75?
7
What is the units digit of 756?
6
What is the hundreds digit of 39952?
9
What is the units digit of 646?
6
What is the thousands digit of 2178?
2
What is the hundreds digit of 4295?
2
What is the units digit of 78107?
7
What is the units digit of 9608?
8
What is the units digit of 2572?
2
What is the units digit of 44607?
7
What is the hundreds digit of 5068?
0
What is the hundreds digit of 44314?
3
What is the hundreds digit of 101?
1
What is the units digit of 171476?
6
What is the tens digit of 4939?
3
What is the tens digit of 9126?
2
What is the hundreds digit of 204?
2
What is the tens digit of 5422?
2
What is the tens digit of 1408?
0
What is the hundreds digit of 3250?
2
What is the tens digit of 6881?
8
What is the units digit of 18324?
4
What is the ten thousands digit of 59287?
5
What is the hundreds digit of 78048?
0
What is the hundreds digit of 165?
1
What is the hundreds digit of 32204?
2
What is the tens digit of 1495?
9
What is the tens digit of 13974?
7
What is the tens digit of 1553?
5
What is the units digit of 512?
2
What is the tens digit of 763?
6
What is the units digit of 2711?
1
What is the thousands digit of 1327?
1
What is the tens digit of 1392?
9
What is the hundreds digit of 47279?
2
What is the hundreds digit of 1238?
2
What is the tens digit of 3025?
2
What is the thousands digit of 80323?
0
What is the units digit of 31?
1
What is the units digit of 6071?
1
What is the hundreds digit of 664?
6
What is the tens digit of 1928?
2
What is the thousands digit of 22930?
2
What is the hundreds digit of 6327?
3
What is the units digit of 21631?
1
What is the hundreds digit of 1502?
5
What is the units digit of 252?
2
What is the tens digit of 146?
4
What is the hundreds digit of 74459?
4
What is the tens digit of 63?
6
What is the hundreds digit of 701?
7
What is the units digit of 533?
3
What is the tens digit of 3526?
2
What is the hundreds digit of 7167?
1
What is the hundreds digit of 1529?
5
What is the tens digit of 555?
5
What is the hundreds digit of 417?
4
What is the units digit of 854?
4
What is the units digit of 161471?
1
What is the units digit of 84728?
8
What is the hundreds digit of 1025?
0
What is the units digit of 4829?
9
What is the thousands digit of 35117?
5
What is the hundreds digit of 629?
6
What is the thousands digit of 1013?
1
What is the thousands digit of 4167?
4
What is the tens digit of 10337?
3
What is the thousands digit of 2437?
2
What is the units digit of 8890?
0
What is the thousands digit of 4996?
4
What is the ten thousands digit of 189906?
8
What is the ten thousands digit of 61248?
6
What is the tens digit of 7582?
8
What is the hundreds digit of 53324?
3
What is the units digit of 822?
2
What is the hundreds digit of 2154?
1
What is the tens digit of 43023?
2
What is the units digit of 1902?
2
What is the hundreds digit of 4481?
4
What is the hundreds digit of 13759?
7
What is the thousands digit of 94000?
4
What is the tens digit of 161?
6
What is the hundreds digit of 36275?
2
What is the units digit of 132926?
6
What is the ten thousands digit of 87910?
8
What is the tens digit of 44626?
2
What is the thousands digit of 65629?
5
What is the units digit of 813?
3
What is the thousands digit of 2918?
2
What is the tens digit of 7774?
7
What is the units digit of 105?
5
What is the tens digit of 116950?
5
What is the tens digit of 2224?
2
What is the tens digit of 9806?
0
What is the units digit of 9948?
8
What is the units digit of 502?
2
What is the units digit of 12177?
7
What is the tens digit of 77974?
7
What is the thousands digit of 2227?
2
What is the units digit of 1830?
0
What is the hundreds digit of 2078?
0
What is the tens digit of 4823?
2
What is the tens digit of 73485?
8
What is the hundreds digit of 21168?
1
What is the ten thousands digit of 50392?
5
What is the hundreds digit of 3351?
3
What is the units digit of 723?
3
What is the ten thousands digit of 109788?
0
What is the thousands digit of 4476?
4
What is the units digit of 1485?
5
What is the tens digit of 258?
5
What is the hundreds digit of 8900?
9
What is the thousands digit of 30461?
0
What is the tens digit of 61291?
9
What is the thousands digit of 5551?
5
What is the tens digit of 34373?
7
What is the tens digit of 26503?
0
What is the thousands digit of 26177?
6
What is the hundreds digit of 5901?
9
What is the thousands digit of 12255?
2
What is the ten thousands digit of 125341?
2
What is the tens digit of 212?
1
What is the tens digit of 1885?
8
What is the hundreds digit of 953?
9
What is the units digit of 1916?
6
What is the hundreds digit of 1684?
6
What is the tens digit of 10314?
1
What is the thousands digit of 2606?
2
What is the tens digit of 3724?
2
What is the t